emainder when 162 is divided by 88.
74
Calculate the remainder when 410 is divided by 103.
101
Calculate the remainder when 419 is divided by 60.
59
What is the remainder when 349 is divided by 59?
54
What is the remainder when 1291 is divided by 19?
18
Calculate the remainder when 802 is divided by 132.
10
What is the remainder when 151 is divided by 69?
13
What is the remainder when 470 is divided by 11?
8
What is the remainder when 388 is divided by 17?
14
Calculate the remainder when 629 is divided by 125.
4
What is the remainder when 330 is divided by 154?
22
What is the remainder when 427 is divided by 205?
17
What is the remainder when 443 is divided by 126?
65
Calculate the remainder when 67 is divided by 25.
17
Calculate the remainder when 153 is divided by 20.
13
What is the remainder when 621 is divided by 26?
23
What is the remainder when 420 is divided by 43?
33
Calculate the remainder when 325 is divided by 16.
5
Calculate the remainder when 1110 is divided by 361.
27
What is the remainder when 57 is divided by 15?
12
Calculate the remainder when 2115 is divided by 1057.
1
Calculate the remainder when 9104 is divided by 36.
32
Calculate the remainder when 4762 is divided by 7.
2
Calculate the remainder when 2160 is divided by 46.
44
Calculate the remainder when 3289 is divided by 14.
13
Calculate the remainder when 558 is divided by 80.
78
Calculate the remainder when 199 is divided by 25.
24
Calculate the remainder when 3533 is divided by 3533.
0
Calculate the remainder when 238 is divided by 50.
38
What is the remainder when 246 is divided by 17?
8
Calculate the remainder when 166 is divided by 75.
16
What is the remainder when 8839 is divided by 136?
135
What is the remainder when 737 is divided by 18?
17
Calculate the remainder when 466 is divided by 95.
86
What is the remainder when 1074 is divided by 77?
73
Calculate the remainder when 110 is divided by 65.
45
Calculate the remainder when 340 is divided by 15.
10
Calculate the remainder when 330 is divided by 16.
10
What is the remainder when 307 is divided by 29?
17
Calculate the remainder when 150 is divided by 63.
24
Calculate the remainder when 18171 is divided by 39.
36
What is the remainder when 842 is divided by 168?
2
What is the remainder when 2597 is divided by 72?
5
What is the remainder when 1290 is divided by 19?
17
What is the remainder when 287 is divided by 73?
68
Calculate the remainder when 1471 is divided by 91.
15
What is the remainder when 34 is divided by 13?
8
Calculate the remainder when 453 is divided by 54.
21
Calculate the remainder when 239 is divided by 48.
47
What is the remainder when 640 is divided by 137?
92
What is the remainder when 651 is divided by 41?
36
What is the remainder when 432 is divided by 31?
29
Calculate the remainder when 1804 is divided by 359.
9
What is the remainder when 71 is divided by 21?
8
Calculate the remainder when 141 is divided by 36.
33
Calculate the remainder when 447 is divided by 46.
33
Calculate the remainder when 1121 is divided by 15.
11
What is the remainder when 27266 is divided by 202?
198
What is the remainder when 220 is divided by 6?
4
What is the remainder when 320 is divided by 89?
53
What is the remainder when 6724 is divided by 19?
17
What is the remainder when 775 is divided by 131?
120
Calculate the remainder when 102 is divided by 13.
11
Calculate the remainder when 276 is divided by 20.
16
What is the remainder when 1649 is divided by 3?
2
Calculate the remainder when 2834 is divided by 135.
134
Calculate the remainder when 789 is divided by 57.
48
What is the remainder when 8695 is divided by 13?
11
What is the remainder when 141 is divided by 37?
30
Calculate the remainder when 755 is divided by 54.
53
Calculate the remainder when 4742 is divided by 42.
38
Calculate the remainder when 30301 is divided by 278.
277
What is the remainder when 129 is divided by 44?
41
What is the remainder when 65 is divided by 22?
21
Calculate the remainder when 97 is divided by 13.
6
What is the remainder when 76 is divided by 41?
35
What is the remainder when 166 is divided by 3?
1
Calculate the remainder when 56 is divided by 27.
2
Calculate the remainder when 233 is divided by 4.
1
What is the remainder when 180 is divided by 27?
18
Calculate the remainder when 117 is divided by 17.
15
What is the remainder when 44 is divided by 13?
5
Calculate the remainder when 481 is divided by 81.
76
Calculate the remainder when 2684 is divided by 34.
32
What is the remainder when 296 is divided by 56?
16
Calculate the remainder when 337 is divided by 10.
7
Calculate the remainder when 67 is divided by 17.
16
Calculate the remainder when 558 is divided by 20.
18
What is the remainder when 32 is divided by 6?
2
What is the remainder when 1360 is divided by 55?
40
What is the remainder when 317 is divided by 143?
31
What is the remainder when 205 is divided by 62?
19
What is the remainder when 4606 is divided by 2302?
2
Calculate the remainder when 5978 is divided by 34.
28
Calculate the remainder when 175 is divided by 30.
25
Calculate the remainder when 3699 is divided by 37.
36
Calculate the remainder when 997 is divided by 149.
103
What is the remainder when 729 is divided by 183?
180
Calculate the remainder when 557 is divided by 81.
71
Calculate the remainder when 125 is divided by 48.
29
What is the remainder when 1536 is divided by 762?
12
What is the remainder when 427 is divided by 5?
2
What is the remainder when 129 is divided by 66?
63
Calculate the remainder when 515 is divided by 99.
20
Calculate the remainder when 1236 is divided by 139.
124
What is the remainder when 32 is divided by 11?
10
What is the remainder when 744 is divided by 58?
48
What is the remainder when 1370 is divided by 98?
96
What is the remainder when 103 is divided by 61?
42
Calculate the remainder when 1169 is divided by 168.
161
Calculate the remainder when 170 is divided by 31.
15
Calculate the remainder when 488 is divided by 230.
28
Calculate the remainder when 446 is divided by 30.
26
What is the remainder when 76 is divided by 17?
8
What is the remainder when 54 is divided by 40?
14
What is the remainder when 73 is divided by 36?
1
Calculate the remainder when 535 is divided by 131.
11
Calculate the remainder when 8987 is divided by 29.
26
Calculate the remainder when 71 is divided by 19.
14
What is the remainder when 405 is divided by 17?
14
Calculate the remainder when 259 is divided by 39.
25
Calculate the remainder when 791 is divided by 61.
59
What is the remainder when 587 is divided by 9?
2
What is the remainder when 458 is divided by 51?
50
What is the remainder when 568 is divided by 219?
130
Calculate the remainder when 810 is divided by 163.
158
What is the remainder when 90 is divided by 23?
21
What is the remainder when 145 is divided by 7?
5
Calculate the remainder when 1177 is divided by 13.
7
Calculate the remainder when 208 is divided by 35.
33
Calculate the remainder when 4875 is divided by 8.
3
What is the remainder when 475 is divided by 62?
41
Calculate the remainder when 217 is divided by 55.
52
Calculate the remainder when 2207 is divided by 34.
31
What is the remainder when 269 is divided by 110?
49
What is the remainder when 500 is divided by 5?
0
Calculate the remainder when 242 is divided by 61.
59
Calculate the remainder when 1694 is divided by 25.
19
Calculate the remainder when 129 is divided by 28.
17
What is the remainder when 193 is divided by 83?
27
Calculate the remainder when 3956 is divided by 24.
20
Calculate the remainder when 304 is divided by 76.
0
What is the remainder when 97 is divided by 10?
7
Calculate the remainder when 124 is divided by 6.
4
Calculate the remainder when 701 is divided by 26.
25
Calculate the remainder when 299 is divided by 114.
71
What is the remainder when 78 is divided by 43?
35
What is the remainder when 6199 is divided by 5?
4
What is the remainder when 114 is divided by 13?
10
Calculate the remainder when 170 is divided by 69.
32
What is the remainder when 228 is divided by 50?
28
What is the remainder when 758 is divided by 20?
18
Calculate the remainder when 124 is divided by 18.
16
Calculate the remainder when 712 is divided by 252.
208
Calculate the 